{"id":93,"date":"2025-09-23T22:09:48","date_gmt":"2025-09-23T20:09:48","guid":{"rendered":"https:\/\/ludwiklegal.pl\/?page_id=93"},"modified":"2025-09-24T18:32:32","modified_gmt":"2025-09-24T16:32:32","slug":"mediacja","status":"publish","type":"page","link":"https:\/\/ludwiklegal.pl\/?page_id=93","title":{"rendered":"Mediacja"},"content":{"rendered":"\n<div class=\"wp-block-group alignfull has-base-background-color has-background is-content-justification-center is-nowrap is-layout-flex wp-container-core-group-is-layout-9b563f4b wp-block-group-is-layout-flex\" style=\"min-height:0px;margin-top:0;margin-bottom:0;padding-top:0;padding-right:var(--wp--preset--spacing--60);padding-bottom:0;padding-left:var(--wp--preset--spacing--60)\">\n<div class=\"wp-block-columns alignwide are-vertically-aligned-top is-layout-flex wp-container-core-columns-is-layout-72995c30 wp-block-columns-is-layout-flex\" style=\"padding-top:var(--wp--preset--spacing--30);padding-bottom:var(--wp--preset--spacing--30)\">\n<div class=\"wp-block-column is-vertically-aligned-top has-global-padding is-content-justification-center is-layout-constrained wp-block-column-is-layout-constrained\" style=\"flex-basis:100%\">\n<p class=\"has-body-font-family\" style=\"margin-top:10px;margin-bottom:10px;padding-top:0;padding-bottom:0;font-size:clamp(0.875rem, 0.875rem + ((1vw - 0.2rem) * 0.765), 1.2rem);text-transform:uppercase\"><strong>mediacja<\/strong><\/p>\n\n\n\n<p class=\"has-small-font-size\" style=\"border-style:none;border-width:0px;margin-top:0;margin-right:0;margin-bottom:0;margin-left:0;padding-top:8px;padding-bottom:8px\">Oferuje powadzenie post\u0119powa\u0144 mediacyjnych dla Klient\u00f3w, kt\u00f3rzy chc\u0105 unikn\u0105\u0107 post\u0119powania s\u0105dowego.<\/p>\n\n\n\n<p class=\"has-small-font-size\" style=\"border-style:none;border-width:0px;margin-top:0;margin-right:0;margin-bottom:0;margin-left:0;padding-top:8px;padding-bottom:8px\">Mediacja to metoda rozwi\u0105zania sporu poprzez dobrowolne spotkania stron, prowadz\u0105ce do osi\u0105gni\u0119cia porozumienia.<\/p>\n\n\n\n<p class=\"has-small-font-size\" style=\"border-style:none;border-width:0px;margin-top:0;margin-right:0;margin-bottom:0;margin-left:0;padding-top:8px;padding-bottom:8px\">Jako mediator wpisany na <a href=\"https:\/\/oirp.wroclaw.pl\/osrodek-mediacji\/lista-mediatorow\">list\u0119 mediator\u00f3w<\/a> przy Okr\u0119gowej Izbie Radc\u00f3w Prawnych we Wroc\u0142awiu, oferuj\u0119 profesjonalne us\u0142ugi mediacyjne:<\/p>\n\n\n\n<p style=\"border-radius:0px;margin-top:0;margin-bottom:0;padding-top:15px;padding-bottom:15px;font-size:clamp(0.875rem, 0.875rem + ((1vw - 0.2rem) * 0.294), 1rem);font-style:normal;font-weight:600\">Zalety mediacji<\/p>\n\n\n\n<p class=\"has-small-font-size\" style=\"border-style:none;border-width:0px;margin-top:0;margin-right:0;margin-bottom:0;margin-left:0;padding-top:8px;padding-bottom:8px\">Mediacja jest procesem poufnym, w kt\u00f3rym obie strony pozostaj\u0105 r\u00f3wne, a decyzje podejmowane s\u0105 wsp\u00f3lnie przez uczestnik\u00f3w.<\/p>\n\n\n\n<p class=\"has-small-font-size\" style=\"border-style:none;border-width:0px;margin-top:0;margin-right:0;margin-bottom:0;margin-left:0;padding-top:8px;padding-bottom:8px\">Efektem mediacji jest ugoda, kt\u00f3rej tre\u015b\u0107 ustalaj\u0105 strony, a mediator pomaga w jej prawid\u0142owym sformu\u0142owaniu.<\/p>\n\n\n\n<p style=\"border-radius:0px;margin-top:0;margin-bottom:0;padding-top:15px;padding-bottom:15px;font-size:clamp(0.875rem, 0.875rem + ((1vw - 0.2rem) * 0.294), 1rem);font-style:normal;font-weight:600\">Mediacja a egzekucja:<\/p>\n\n\n\n<p class=\"has-small-font-size\" style=\"border-style:none;border-width:0px;margin-top:0;margin-right:0;margin-bottom:0;margin-left:0;padding-top:8px;padding-bottom:8px\">Jako radca prawny, mam mo\u017cliwo\u015b\u0107 odpowiedniego zredagowania ustale\u0144 mediacyjnych stron, tak aby mog\u0142y one by\u0107, w razie potrzeby, wyegzekwowane w drodze przymusu pa\u0144stwowego.<\/p>\n<\/div>\n<\/div>\n<\/div>\n","protected":false},"excerpt":{"rendered":"<p>mediacja Oferuje powadzenie post\u0119powa\u0144 mediacyjnych dla Klient\u00f3w, kt\u00f3rzy chc\u0105 unikn\u0105\u0107 post\u0119powania s\u0105dowego. Mediacja to metoda rozwi\u0105zania sporu poprzez dobrowolne spotkania stron, prowadz\u0105ce do osi\u0105gni\u0119cia porozumienia. Jako mediator wpisany na list\u0119 mediator\u00f3w przy Okr\u0119gowej Izbie Radc\u00f3w Prawnych we Wroc\u0142awiu, oferuj\u0119 profesjonalne us\u0142ugi mediacyjne: Zalety mediacji Mediacja jest procesem poufnym, w kt\u00f3rym obie strony pozostaj\u0105 r\u00f3wne, a [&hellip;]<\/p>\n","protected":false},"author":1,"featured_media":0,"parent":99,"menu_order":0,"comment_status":"closed","ping_status":"closed","template":"","meta":{"footnotes":""},"class_list":["post-93","page","type-page","status-publish","hentry"],"_links":{"self":[{"href":"https:\/\/ludwiklegal.pl\/index.php?rest_route=\/wp\/v2\/pages\/93","targetHints":{"allow":["GET"]}}],"collection":[{"href":"https:\/\/ludwiklegal.pl\/index.php?rest_route=\/wp\/v2\/pages"}],"about":[{"href":"https:\/\/ludwiklegal.pl\/index.php?rest_route=\/wp\/v2\/types\/page"}],"author":[{"embeddable":true,"href":"https:\/\/ludwiklegal.pl\/index.php?rest_route=\/wp\/v2\/users\/1"}],"replies":[{"embeddable":true,"href":"https:\/\/ludwiklegal.pl\/index.php?rest_route=%2Fwp%2Fv2%2Fcomments&post=93"}],"version-history":[{"count":2,"href":"https:\/\/ludwiklegal.pl\/index.php?rest_route=\/wp\/v2\/pages\/93\/revisions"}],"predecessor-version":[{"id":115,"href":"https:\/\/ludwiklegal.pl\/index.php?rest_route=\/wp\/v2\/pages\/93\/revisions\/115"}],"up":[{"embeddable":true,"href":"https:\/\/ludwiklegal.pl\/index.php?rest_route=\/wp\/v2\/pages\/99"}],"wp:attachment":[{"href":"https:\/\/ludwiklegal.pl\/index.php?rest_route=%2Fwp%2Fv2%2Fmedia&parent=93"}],"curies":[{"name":"wp","href":"https:\/\/api.w.org\/{rel}","templated":true}]}}