{"id":103,"date":"2025-09-24T15:22:21","date_gmt":"2025-09-24T13:22:21","guid":{"rendered":"https:\/\/ludwiklegal.pl\/?page_id=103"},"modified":"2025-09-25T17:34:49","modified_gmt":"2025-09-25T15:34:49","slug":"glowna","status":"publish","type":"page","link":"https:\/\/ludwiklegal.pl\/","title":{"rendered":"G\u0142\u00f3wna"},"content":{"rendered":"\n<div class=\"wp-block-cover alignfull\" style=\"min-height:379px;aspect-ratio:unset;\"><img loading=\"lazy\" decoding=\"async\" width=\"1024\" height=\"768\" class=\"wp-block-cover__image-background wp-image-31 size-large\" alt=\"\" src=\"https:\/\/ludwiklegal.pl\/wp-content\/uploads\/2025\/09\/OI001145-1024x768.jpg\" data-object-fit=\"cover\" srcset=\"https:\/\/ludwiklegal.pl\/wp-content\/uploads\/2025\/09\/OI001145-1024x768.jpg 1024w, https:\/\/ludwiklegal.pl\/wp-content\/uploads\/2025\/09\/OI001145-300x225.jpg 300w, https:\/\/ludwiklegal.pl\/wp-content\/uploads\/2025\/09\/OI001145-768x576.jpg 768w, https:\/\/ludwiklegal.pl\/wp-content\/uploads\/2025\/09\/OI001145-1536x1152.jpg 1536w, https:\/\/ludwiklegal.pl\/wp-content\/uploads\/2025\/09\/OI001145-2048x1536.jpg 2048w\" sizes=\"auto, (max-width: 1024px) 100vw, 1024px\" \/><span aria-hidden=\"true\" class=\"wp-block-cover__background has-background-dim\" style=\"background-color:#3b3b3b\"><\/span><div class=\"wp-block-cover__inner-container has-global-padding is-layout-constrained wp-block-cover-is-layout-constrained\">\n<div class=\"wp-block-group is-content-justification-right is-nowrap is-layout-flex wp-container-core-group-is-layout-17124a9a wp-block-group-is-layout-flex\" style=\"border-style:none;border-width:0px;border-radius:2px\">\n<figure class=\"wp-block-image size-full is-resized wp-container-content-b864c3d2\"><img loading=\"lazy\" decoding=\"async\" width=\"1638\" height=\"2560\" src=\"https:\/\/ludwiklegal.pl\/wp-content\/uploads\/2025\/09\/logo-mama-12-scaled.png\" alt=\"\" class=\"wp-image-33\" style=\"width:137px;height:auto\" srcset=\"https:\/\/ludwiklegal.pl\/wp-content\/uploads\/2025\/09\/logo-mama-12-scaled.png 1638w, https:\/\/ludwiklegal.pl\/wp-content\/uploads\/2025\/09\/logo-mama-12-192x300.png 192w, https:\/\/ludwiklegal.pl\/wp-content\/uploads\/2025\/09\/logo-mama-12-655x1024.png 655w, https:\/\/ludwiklegal.pl\/wp-content\/uploads\/2025\/09\/logo-mama-12-768x1200.png 768w, https:\/\/ludwiklegal.pl\/wp-content\/uploads\/2025\/09\/logo-mama-12-983x1536.png 983w, https:\/\/ludwiklegal.pl\/wp-content\/uploads\/2025\/09\/logo-mama-12-1311x2048.png 1311w\" sizes=\"auto, (max-width: 1638px) 100vw, 1638px\" \/><\/figure>\n\n\n\n<div style=\"height:100px;width:125px\" aria-hidden=\"true\" class=\"wp-block-spacer wp-container-content-9793fdcb\"><\/div>\n\n\n\n<p class=\"has-text-align-left has-body-font-family\" style=\"margin-top:0px;margin-right:0;margin-bottom:0px;margin-left:0;padding-top:0;padding-bottom:0;font-size:clamp(1.092rem, 1.092rem + ((1vw - 0.2rem) * 1.431), 1.7rem);text-transform:uppercase\">w labiryncie przepis\u00f3w prowadz\u0119 prosto do celu<\/p>\n<\/div>\n<\/div><\/div>\n\n\n\n<div class=\"wp-block-group alignfull has-base-background-color has-background is-content-justification-left is-nowrap is-layout-flex wp-container-core-group-is-layout-420b329c wp-block-group-is-layout-flex\" style=\"margin-top:0;margin-bottom:0;padding-top:0;padding-right:var(--wp--preset--spacing--60);padding-bottom:0;padding-left:var(--wp--preset--spacing--60)\">\n<div class=\"wp-block-columns alignwide are-vertically-aligned-top is-layout-flex wp-container-core-columns-is-layout-adada1a9 wp-block-columns-is-layout-flex\" style=\"padding-top:var(--wp--preset--spacing--40);padding-right:0;padding-bottom:var(--wp--preset--spacing--40);padding-left:0\">\n<div class=\"wp-block-column is-vertically-aligned-top is-layout-flow wp-block-column-is-layout-flow\" style=\"flex-basis:50%\">\n<div class=\"wp-block-group is-nowrap is-layout-flex wp-container-core-group-is-layout-6c531013 wp-block-group-is-layout-flex\">\n<figure class=\"wp-block-image size-large is-resized is-style-default\" style=\"margin-top:0;margin-bottom:0\"><img loading=\"lazy\" decoding=\"async\" width=\"715\" height=\"1024\" src=\"https:\/\/ludwiklegal.pl\/wp-content\/uploads\/2025\/09\/moje-1-715x1024.jpg\" alt=\"\" class=\"wp-image-29\" style=\"aspect-ratio:0.75;object-fit:cover;width:352px;height:auto\" srcset=\"https:\/\/ludwiklegal.pl\/wp-content\/uploads\/2025\/09\/moje-1-715x1024.jpg 715w, https:\/\/ludwiklegal.pl\/wp-content\/uploads\/2025\/09\/moje-1-210x300.jpg 210w, https:\/\/ludwiklegal.pl\/wp-content\/uploads\/2025\/09\/moje-1-768x1099.jpg 768w, https:\/\/ludwiklegal.pl\/wp-content\/uploads\/2025\/09\/moje-1-1073x1536.jpg 1073w, https:\/\/ludwiklegal.pl\/wp-content\/uploads\/2025\/09\/moje-1-1431x2048.jpg 1431w, https:\/\/ludwiklegal.pl\/wp-content\/uploads\/2025\/09\/moje-1-scaled.jpg 1789w\" sizes=\"auto, (max-width: 715px) 100vw, 715px\" \/><\/figure>\n<\/div>\n<\/div>\n\n\n\n<div class=\"wp-block-column is-vertically-aligned-top has-global-padding is-content-justification-center is-layout-constrained wp-block-column-is-layout-constrained\" style=\"flex-basis:70%\">\n<p class=\"has-body-font-family\" style=\"margin-top:10px;margin-bottom:10px;padding-top:0;padding-bottom:0;font-size:clamp(0.875rem, 0.875rem + ((1vw - 0.2rem) * 0.647), 1.15rem);text-transform:uppercase\"><strong>Ma\u0142gorzata Ludwik, Radca Prawny, LL.M.<\/strong><\/p>\n\n\n\n<p class=\"has-small-font-size\" style=\"border-style:none;border-width:0px;margin-right:0;margin-left:0;padding-top:8px;padding-bottom:8px\">Od ponad 15 lat jako radca prawny wspieram klient\u00f3w w skutecznym poruszaniu si\u0119 po \u015bwiecie przepis\u00f3w prawa. Do\u015bwiadczenie zawodowe zdobywa\u0142am w renomowanych kancelariach w Polsce i Niemczech, a tak\u017ce w jednostkach samorz\u0105du terytorialnego i sp\u00f3\u0142kach komunalnych.<\/p>\n\n\n\n<p class=\"has-small-font-size\" style=\"border-style:none;border-width:0px;margin-right:0;margin-left:0;padding-top:8px;padding-bottom:8px\">Jestem cz\u0142onkiem rady nadzorczej polskiej sp\u00f3\u0142ki gie\u0142dowej oraz mediatorem wpisanym na list\u0119 mediator\u00f3w przy Okr\u0119gowej Izbie Radc\u00f3w Prawnych we Wroc\u0142awiu. Posiadam tak\u017ce do\u015bwiadczenie akademickie \u2013 przez kilka lat prowadzi\u0142am zaj\u0119cia z post\u0119powania cywilnego na Wydziale Prawa i Ekonomii Uniwersytetu Wroc\u0142awskiego oraz uko\u0144czy\u0142am kurs Scrum Mastera.<\/p>\n\n\n\n<p class=\"has-small-font-size\" style=\"border-style:none;border-width:0px;margin-right:0;margin-left:0;padding-top:8px;padding-bottom:8px\">Obecnie prowadz\u0119 w\u0142asn\u0105 kancelari\u0119 radcy prawnego, a tak\u017ce wsp\u00f3\u0142pracuj\u0119 jako freelancer z wi\u0119kszymi kancelariami prawnymi przy specjalistycznych projektach.<\/p>\n\n\n\n<div class=\"wp-block-buttons is-horizontal is-layout-flex wp-container-core-buttons-is-layout-f309287c wp-block-buttons-is-layout-flex\" style=\"margin-top:var(--wp--preset--spacing--10);margin-bottom:var(--wp--preset--spacing--10)\">\n<div class=\"wp-block-button is-style-fill\"><a class=\"wp-block-button__link has-text-align-center wp-element-button\" href=\"https:\/\/ludwiklegal.pl\/?page_id=64\" style=\"border-radius:0px\"><strong>Dowiedz si\u0119 wi\u0119cej. <\/strong><\/a><\/div>\n<\/div>\n<\/div>\n<\/div>\n<\/div>\n\n\n\n<div class=\"wp-block-group alignwide is-layout-grid wp-container-core-group-is-layout-4e3d800b wp-block-group-is-layout-grid\" style=\"margin-top:0;margin-bottom:0;padding-top:var(--wp--preset--spacing--30);padding-right:0;padding-bottom:var(--wp--preset--spacing--30);padding-left:0\">\n<div class=\"wp-block-cover wp-container-content-2155ee95\" style=\"min-height:90px;aspect-ratio:unset;\"><span aria-hidden=\"true\" class=\"wp-block-cover__background has-background-dim-100 has-background-dim\" style=\"background-color:#2e4459\"><\/span><div class=\"wp-block-cover__inner-container has-global-padding is-layout-constrained wp-block-cover-is-layout-constrained\">\n<figure class=\"wp-block-image aligncenter size-full is-resized\"><img loading=\"lazy\" decoding=\"async\" width=\"114\" height=\"102\" src=\"https:\/\/ludwiklegal.pl\/wp-content\/uploads\/2025\/09\/Briefcase-outline-e1758731024964.png\" alt=\"\" class=\"wp-image-133\" style=\"width:50px\"\/><\/figure>\n\n\n\n<div style=\"height:10px\" aria-hidden=\"true\" class=\"wp-block-spacer\"><\/div>\n\n\n\n<p class=\"has-text-align-center has-base-color has-text-color has-link-color has-body-font-family wp-elements-57bf511eacc6ff2d705e02c35f396b61\" style=\"margin-top:10px;margin-bottom:10px;padding-top:0;padding-bottom:0;font-size:clamp(0.984rem, 0.984rem + ((1vw - 0.2rem) * 1.214), 1.5rem);font-style:normal;font-weight:500;line-height:1.35;text-transform:uppercase\"><a href=\"https:\/\/ludwiklegal.pl\/?page_id=96\" data-type=\"page\" data-id=\"96\">Doradztwo przedsi\u0119biorcom<\/a><\/p>\n<\/div><\/div>\n\n\n\n<div class=\"wp-block-cover is-light wp-container-content-2155ee95\" style=\"padding-top:var(--wp--preset--spacing--40);padding-bottom:var(--wp--preset--spacing--40);min-height:90px;aspect-ratio:unset;\"><span aria-hidden=\"true\" class=\"wp-block-cover__background has-background-dim-100 has-background-dim\" style=\"background-color:#a47c6a\"><\/span><div class=\"wp-block-cover__inner-container has-global-padding is-layout-constrained wp-block-cover-is-layout-constrained\">\n<figure class=\"wp-block-image aligncenter size-full is-resized is-style-default\"><img loading=\"lazy\" decoding=\"async\" width=\"128\" height=\"128\" src=\"https:\/\/ludwiklegal.pl\/wp-content\/uploads\/2025\/09\/Message-text.png\" alt=\"\" class=\"wp-image-128\" style=\"width:50px\"\/><\/figure>\n\n\n\n<div style=\"height:10px\" aria-hidden=\"true\" class=\"wp-block-spacer\"><\/div>\n\n\n\n<p class=\"has-text-align-center has-base-color has-text-color has-link-color has-body-font-family wp-elements-024cf8cdd9926abe18d47b8e7d662ee6\" style=\"margin-top:10px;margin-bottom:10px;padding-top:0;padding-bottom:0;font-size:clamp(0.984rem, 0.984rem + ((1vw - 0.2rem) * 1.214), 1.5rem);font-style:normal;font-weight:500;text-transform:uppercase\"><a href=\"https:\/\/ludwiklegal.pl\/?page_id=93\" data-type=\"page\" data-id=\"93\">Mediacje<\/a><\/p>\n<\/div><\/div>\n\n\n\n<div class=\"wp-block-cover is-light\" style=\"min-height:100px;aspect-ratio:unset;\"><span aria-hidden=\"true\" class=\"wp-block-cover__background has-accent-2-background-color has-background-dim-100 has-background-dim\"><\/span><div class=\"wp-block-cover__inner-container has-global-padding is-layout-constrained wp-block-cover-is-layout-constrained\">\n<figure class=\"wp-block-image aligncenter size-full is-resized\"><img loading=\"lazy\" decoding=\"async\" width=\"110\" height=\"110\" src=\"https:\/\/ludwiklegal.pl\/wp-content\/uploads\/2025\/09\/Tools-solid-e1758731047844.png\" alt=\"\" class=\"wp-image-131\" style=\"width:50px\"\/><\/figure>\n\n\n\n<div style=\"height:10px\" aria-hidden=\"true\" class=\"wp-block-spacer\"><\/div>\n\n\n\n<p class=\"has-text-align-center has-base-color has-text-color has-link-color has-body-font-family wp-elements-4453fefdedb06385a101f733677a4d55\" style=\"margin-top:10px;margin-bottom:10px;padding-top:0;padding-bottom:0;font-size:clamp(0.984rem, 0.984rem + ((1vw - 0.2rem) * 1.214), 1.5rem);font-style:normal;font-weight:500;line-height:1.35;text-transform:uppercase\"><a href=\"https:\/\/ludwiklegal.pl\/?page_id=83\" data-type=\"page\" data-id=\"83\">Prawo budowlane i prawo procesu inwestycyjnego<\/a><\/p>\n<\/div><\/div>\n\n\n\n<div class=\"wp-block-cover is-light\" style=\"padding-top:var(--wp--preset--spacing--40);padding-bottom:var(--wp--preset--spacing--40);min-height:90px;aspect-ratio:unset;\"><span aria-hidden=\"true\" class=\"wp-block-cover__background has-contrast-3-background-color has-background-dim-100 has-background-dim\"><\/span><div class=\"wp-block-cover__inner-container has-global-padding is-layout-constrained wp-block-cover-is-layout-constrained\">\n<figure class=\"wp-block-image aligncenter size-full is-resized\"><img loading=\"lazy\" decoding=\"async\" width=\"114\" height=\"119\" src=\"https:\/\/ludwiklegal.pl\/wp-content\/uploads\/2025\/09\/House-e1758730386663.png\" alt=\"\" class=\"wp-image-130\" style=\"width:50px\"\/><\/figure>\n\n\n\n<div style=\"height:10px\" aria-hidden=\"true\" class=\"wp-block-spacer\"><\/div>\n\n\n\n<p class=\"has-text-align-center has-base-color has-text-color has-link-color has-body-font-family wp-elements-4511a1d2876bb18c794c99548fc43c62\" style=\"margin-top:10px;margin-bottom:10px;padding-top:0;padding-bottom:0;font-size:clamp(0.984rem, 0.984rem + ((1vw - 0.2rem) * 1.214), 1.5rem);font-style:normal;font-weight:500;text-transform:uppercase\"><a href=\"https:\/\/ludwiklegal.pl\/?page_id=77\" data-type=\"page\" data-id=\"77\">Nieruchomo\u015bci<\/a><\/p>\n<\/div><\/div>\n\n\n\n<div class=\"wp-block-cover is-light\" style=\"padding-top:var(--wp--preset--spacing--40);padding-bottom:var(--wp--preset--spacing--40);min-height:90px;aspect-ratio:unset;\"><span aria-hidden=\"true\" class=\"wp-block-cover__background has-accent-5-background-color has-background-dim-100 has-background-dim\"><\/span><div class=\"wp-block-cover__inner-container has-global-padding is-layout-constrained wp-block-cover-is-layout-constrained\">\n<figure class=\"wp-block-image aligncenter size-full is-resized\"><img loading=\"lazy\" decoding=\"async\" width=\"115\" height=\"90\" src=\"https:\/\/ludwiklegal.pl\/wp-content\/uploads\/2025\/09\/Handshake-solid-e1758731069545.png\" alt=\"\" class=\"wp-image-132\" style=\"width:50px\"\/><\/figure>\n\n\n\n<div style=\"height:9px\" aria-hidden=\"true\" class=\"wp-block-spacer\"><\/div>\n\n\n\n<p class=\"has-text-align-center has-base-color has-text-color has-link-color has-body-font-family wp-elements-8e53b4b2dfd8863c5f49958a2eb5ccec\" style=\"margin-top:10px;margin-bottom:10px;padding-top:0;padding-bottom:0;font-size:clamp(0.984rem, 0.984rem + ((1vw - 0.2rem) * 1.214), 1.5rem);font-style:normal;font-weight:500;line-height:1.35;text-transform:uppercase\"><a href=\"https:\/\/ludwiklegal.pl\/?page_id=91\" data-type=\"page\" data-id=\"91\">Zam\u00f3wienia publiczne<\/a><\/p>\n<\/div><\/div>\n\n\n\n<div class=\"wp-block-cover\" style=\"padding-top:var(--wp--preset--spacing--40);padding-bottom:var(--wp--preset--spacing--40);min-height:90px;aspect-ratio:unset;\"><span aria-hidden=\"true\" class=\"wp-block-cover__background has-contrast-2-background-color has-background-dim-100 has-background-dim\"><\/span><div class=\"wp-block-cover__inner-container has-global-padding is-layout-constrained wp-block-cover-is-layout-constrained\">\n<figure class=\"wp-block-image aligncenter size-full is-resized\"><img loading=\"lazy\" decoding=\"async\" width=\"104\" height=\"102\" src=\"https:\/\/ludwiklegal.pl\/wp-content\/uploads\/2025\/09\/Pen-solid-e1758730318328.png\" alt=\"\" class=\"wp-image-129\" style=\"width:50px\"\/><\/figure>\n\n\n\n<div style=\"height:17px\" aria-hidden=\"true\" class=\"wp-block-spacer\"><\/div>\n\n\n\n<p class=\"has-text-align-center has-base-color has-text-color has-link-color has-body-font-family wp-elements-15b0507610fcc1f31dcc9fe3984fd060\" style=\"margin-top:10px;margin-bottom:10px;padding-top:0;padding-bottom:0;font-size:clamp(0.984rem, 0.984rem + ((1vw - 0.2rem) * 1.214), 1.5rem);font-style:normal;font-weight:500;line-height:1.35;text-transform:uppercase\"><a href=\"https:\/\/ludwiklegal.pl\/?page_id=88\" data-type=\"page\" data-id=\"88\">Prawo autorskie<\/a><\/p>\n<\/div><\/div>\n<\/div>\n\n\n\n<div class=\"wp-block-group alignfull has-base-color has-text-color has-background has-link-color wp-elements-79ac7b598cbbcef844c46b34b8236a69 has-global-padding is-layout-constrained wp-container-core-group-is-layout-d89aad35 wp-block-group-is-layout-constrained\" style=\"background-color:#181818;margin-top:0;margin-bottom:0;padding-top:var(--wp--preset--spacing--50);padding-right:var(--wp--preset--spacing--50);padding-bottom:var(--wp--preset--spacing--50);padding-left:var(--wp--preset--spacing--50)\">\n<h2 class=\"wp-block-heading alignwide is-style-default has-base-2-color has-text-color has-body-font-family\" style=\"margin-top:10px;margin-bottom:10px;padding-top:0;padding-bottom:0;font-size:clamp(1.502rem, 1.502rem + ((1vw - 0.2rem) * 2.348), 2.5rem);text-transform:uppercase\">Us\u0142ugi<\/h2>\n\n\n\n<div class=\"wp-block-group alignwide is-layout-flow wp-block-group-is-layout-flow\">\n<hr class=\"wp-block-separator has-text-color has-base-color has-alpha-channel-opacity has-base-background-color has-background is-style-wide\" style=\"margin-top:var(--wp--preset--spacing--30);margin-bottom:var(--wp--preset--spacing--30)\"\/>\n\n\n\n<p class=\"has-body-font-family\" style=\"margin-top:10px;margin-bottom:10px;padding-top:0.5rem;padding-bottom:0.5rem;font-size:clamp(0.929rem, 0.929rem + ((1vw - 0.2rem) * 1.108), 1.4rem);font-style:normal;font-weight:500;text-transform:uppercase\">Mediacja<\/p>\n\n\n\n<p class=\"has-link-color has-body-font-family wp-elements-c11eaed5362d3ebfc9931bf23613975c\" style=\"margin-top:10px;margin-bottom:10px;padding-top:0;padding-bottom:0;font-size:clamp(0.875rem, 0.875rem + ((1vw - 0.2rem) * 0.294), 1rem);\">Oferuje powadzenie post\u0119powa\u0144 mediacyjnych dla Klient\u00f3w, kt\u00f3rzy chc\u0105 unikn\u0105\u0107 post\u0119powania s\u0105dowego. <a href=\"https:\/\/ludwiklegal.pl\/?page_id=93\" data-type=\"page\" data-id=\"93\">Dowiedz si\u0119 wi\u0119cej&#8230;<\/a><\/p>\n\n\n\n<p class=\"has-body-font-family\" style=\"margin-top:10px;margin-bottom:10px;padding-top:0.5rem;padding-bottom:0.5rem;font-size:clamp(0.929rem, 0.929rem + ((1vw - 0.2rem) * 1.108), 1.4rem);font-style:normal;font-weight:500;text-transform:uppercase\">Doradztwo przedsi\u0119biorcom<\/p>\n\n\n\n<p class=\"has-link-color wp-elements-5e35cf3a66afa69cc79cfdaef42ee806\" style=\"font-size:clamp(0.875rem, 0.875rem + ((1vw - 0.2rem) * 0.294), 1rem);\">Z do\u015bwiadczenia wiem, \u017ce prowadzenie dzia\u0142alno\u015bci gospodarczej w Polsce (niezale\u017cnie od przyj\u0119tej formy prawnej) pe\u0142ne jest niespodzianek, cho\u0107 lepsze by\u0142oby tu pewnie s\u0142owo zasadzka. <a href=\"https:\/\/ludwiklegal.pl\/?page_id=96\" data-type=\"page\" data-id=\"96\">Dowiedz si\u0119 wi\u0119cej\u2026<\/a><\/p>\n\n\n\n<p class=\"has-body-font-family\" style=\"margin-top:10px;margin-bottom:10px;padding-top:0.5rem;padding-bottom:0.5rem;font-size:clamp(0.929rem, 0.929rem + ((1vw - 0.2rem) * 1.108), 1.4rem);font-style:normal;font-weight:500;text-transform:uppercase\">Zam\u00f3wienia publiczne<\/p>\n\n\n\n<p class=\"has-link-color wp-elements-76b4539c9c66836204333126ac5a1794\" style=\"font-size:clamp(0.875rem, 0.875rem + ((1vw - 0.2rem) * 0.294), 1rem);\">\u015awiadcz\u0119 kompleksow\u0105 pomoc prawn\u0105 w zakresie prawa zam\u00f3wie\u0144 publicznych, zar\u00f3wno dla Zamawiaj\u0105cych, jak i Wykonawc\u00f3w. <a href=\"https:\/\/ludwiklegal.pl\/?page_id=91\" data-type=\"page\" data-id=\"91\">Dowiedz si\u0119 wi\u0119cej&#8230;<\/a><\/p>\n\n\n\n<p class=\"has-body-font-family\" style=\"margin-top:10px;margin-bottom:10px;padding-top:0.5rem;padding-bottom:0.5rem;font-size:clamp(0.929rem, 0.929rem + ((1vw - 0.2rem) * 1.108), 1.4rem);font-style:normal;font-weight:500;text-transform:uppercase\">Prawo autorskie<\/p>\n\n\n\n<p class=\"has-link-color wp-elements-50856e97225f00a847488d3926c5db11\" style=\"font-size:clamp(0.875rem, 0.875rem + ((1vw - 0.2rem) * 0.294), 1rem);\">Do\u015bwiadczenie w tym zakresie zdobywa\u0142am nie tylko na podyplomowych studiach z zakresu prawa autorskiego na Uniwersytecie Jagiello\u0144skim, ale przede wszystkim w praktyce wsp\u00f3\u0142pracuj\u0105c z Kancelari\u0105 Winski oraz obs\u0142uguj\u0105c Centrum Us\u0142ug Informatycznych we Wroc\u0142awiu, a tak\u017ce doradzaj\u0105c architektom, wydawnictwom, agencjom reklamowym, fotografom, fundacji muzycznej, organizatorowi aukcji dzie\u0142 sztuki, a przed wszystkim firmom z bran\u017cy IT i nowych technologii. <a href=\"https:\/\/ludwiklegal.pl\/?page_id=88\" data-type=\"page\" data-id=\"88\">Dowiedz si\u0119 wi\u0119cej&#8230;<\/a><\/p>\n\n\n\n<p class=\"has-body-font-family\" style=\"margin-top:10px;margin-bottom:10px;padding-top:0.5rem;padding-bottom:0.5rem;font-size:clamp(0.929rem, 0.929rem + ((1vw - 0.2rem) * 1.108), 1.4rem);font-style:normal;font-weight:500;text-transform:uppercase\">Prawo budowlane i prawo procesu inwestycyjnego<\/p>\n\n\n\n<p class=\"has-link-color has-body-font-family wp-elements-fb22431b3b72efb4086769283fb3a219\" style=\"margin-top:10px;margin-bottom:10px;padding-top:0;padding-bottom:0;font-size:clamp(0.875rem, 0.875rem + ((1vw - 0.2rem) * 0.294), 1rem);\">\u015awiadcz\u0119 kompleksow\u0105 obs\u0142ug\u0119 prawn\u0105 dla inwestor\u00f3w na ka\u017cdym etapie procesu inwestycyjnego. <a href=\"https:\/\/ludwiklegal.pl\/?page_id=83\" data-type=\"page\" data-id=\"83\">Dowiedz si\u0119 wi\u0119cej&#8230;<\/a><\/p>\n\n\n\n<p class=\"has-body-font-family\" style=\"margin-top:10px;margin-bottom:10px;padding-top:0.5rem;padding-bottom:0.5rem;font-size:clamp(0.929rem, 0.929rem + ((1vw - 0.2rem) * 1.108), 1.4rem);font-style:normal;font-weight:500;text-transform:uppercase\">nieruchomo\u015bci<\/p>\n\n\n\n<p class=\"has-link-color wp-elements-2be024b6ecf70b353528d3589f185db7\" style=\"font-size:clamp(0.875rem, 0.875rem + ((1vw - 0.2rem) * 0.294), 1rem);\">Jako radca prawny z wieloletnim do\u015bwiadczeniem, oferuj\u0119 kompleksow\u0105 pomoc w zakresie wszelkich spraw zwi\u0105zanych z nieruchomo\u015bciami \u2013 zar\u00f3wno dla os\u00f3b prywatnych, jak i przedsi\u0119biorc\u00f3w. <a href=\"https:\/\/ludwiklegal.pl\/?page_id=77\" data-type=\"page\" data-id=\"77\">Dowiedz si\u0119 wi\u0119cej&#8230;<\/a><\/p>\n<\/div>\n<\/div>\n\n\n\n<div class=\"wp-block-group alignfull has-background has-global-padding is-layout-constrained wp-container-core-group-is-layout-75012026 wp-block-group-is-layout-constrained\" style=\"background-color:#a47c6a;margin-top:0;margin-bottom:0;padding-top:var(--wp--preset--spacing--40);padding-right:var(--wp--preset--spacing--60);padding-bottom:var(--wp--preset--spacing--40);padding-left:var(--wp--preset--spacing--60)\">\n<div class=\"wp-block-group alignwide is-layout-flow wp-block-group-is-layout-flow\">\n<p class=\"has-text-align-center is-style-default has-base-2-color has-text-color has-body-font-family\" style=\"margin-top:10px;margin-bottom:10px;padding-top:0;padding-bottom:0;font-size:clamp(1.502rem, 1.502rem + ((1vw - 0.2rem) * 2.348), 2.5rem);text-transform:uppercase\">Ustalmy jak mog\u0119 Ci pom\u00f3c.<\/p>\n\n\n\n<div class=\"wp-block-group is-content-justification-center is-nowrap is-layout-flex wp-container-core-group-is-layout-23441af8 wp-block-group-is-layout-flex\">\n<div class=\"wp-block-group is-nowrap is-layout-flex wp-container-core-group-is-layout-6c531013 wp-block-group-is-layout-flex\">\n<figure class=\"wp-block-image size-full is-resized\"><img loading=\"lazy\" decoding=\"async\" width=\"128\" height=\"128\" src=\"https:\/\/ludwiklegal.pl\/wp-content\/uploads\/2025\/09\/Email.png\" alt=\"\" class=\"wp-image-122\" style=\"width:37px;height:auto\"\/><\/figure>\n<\/div>\n\n\n\n<div style=\"height:100px;width:22px\" aria-hidden=\"true\" class=\"wp-block-spacer wp-container-content-d62f4c8e\"><\/div>\n\n\n\n<p class=\"has-base-color has-text-color has-link-color wp-elements-4dfdd8021db99dad2b010772e9f6bb57\" style=\"font-size:clamp(0.875rem, 0.875rem + ((1vw - 0.2rem) * 1), 1.3rem);\">ml@ludwiklegal.pl<\/p>\n\n\n\n<div style=\"height:100px;width:66px\" aria-hidden=\"true\" class=\"wp-block-spacer wp-container-content-7740b306\"><\/div>\n\n\n\n<figure class=\"wp-block-image size-full is-resized\"><img loading=\"lazy\" decoding=\"async\" width=\"128\" height=\"128\" src=\"https:\/\/ludwiklegal.pl\/wp-content\/uploads\/2025\/09\/Phone.png\" alt=\"\" class=\"wp-image-123\" style=\"width:35px;height:auto\"\/><\/figure>\n\n\n\n<div style=\"height:100px;width:22px\" aria-hidden=\"true\" class=\"wp-block-spacer wp-container-content-d62f4c8e\"><\/div>\n\n\n\n<p class=\"has-base-color has-text-color has-link-color wp-elements-1bcb7af87895cfc1170e439e11c180ba\" style=\"font-size:clamp(0.875rem, 0.875rem + ((1vw - 0.2rem) * 1), 1.3rem);\">+48 509 484 469<\/p>\n<\/div>\n<\/div>\n<\/div>\n","protected":false},"excerpt":{"rendered":"<p>Ma\u0142gorzata Ludwik, Radca Prawny, LL.M. Od ponad 15 lat jako radca prawny wspieram klient\u00f3w w skutecznym poruszaniu si\u0119 po \u015bwiecie przepis\u00f3w prawa. Do\u015bwiadczenie zawodowe zdobywa\u0142am w renomowanych kancelariach w Polsce i Niemczech, a tak\u017ce w jednostkach samorz\u0105du terytorialnego i sp\u00f3\u0142kach komunalnych. Jestem cz\u0142onkiem rady nadzorczej polskiej sp\u00f3\u0142ki gie\u0142dowej oraz mediatorem wpisanym na list\u0119 mediator\u00f3w przy [&hellip;]<\/p>\n","protected":false},"author":1,"featured_media":0,"parent":0,"menu_order":0,"comment_status":"closed","ping_status":"closed","template":"","meta":{"footnotes":""},"class_list":["post-103","page","type-page","status-publish","hentry"],"_links":{"self":[{"href":"https:\/\/ludwiklegal.pl\/index.php?rest_route=\/wp\/v2\/pages\/103","targetHints":{"allow":["GET"]}}],"collection":[{"href":"https:\/\/ludwiklegal.pl\/index.php?rest_route=\/wp\/v2\/pages"}],"about":[{"href":"https:\/\/ludwiklegal.pl\/index.php?rest_route=\/wp\/v2\/types\/page"}],"author":[{"embeddable":true,"href":"https:\/\/ludwiklegal.pl\/index.php?rest_route=\/wp\/v2\/users\/1"}],"replies":[{"embeddable":true,"href":"https:\/\/ludwiklegal.pl\/index.php?rest_route=%2Fwp%2Fv2%2Fcomments&post=103"}],"version-history":[{"count":30,"href":"https:\/\/ludwiklegal.pl\/index.php?rest_route=\/wp\/v2\/pages\/103\/revisions"}],"predecessor-version":[{"id":151,"href":"https:\/\/ludwiklegal.pl\/index.php?rest_route=\/wp\/v2\/pages\/103\/revisions\/151"}],"wp:attachment":[{"href":"https:\/\/ludwiklegal.pl\/index.php?rest_route=%2Fwp%2Fv2%2Fmedia&parent=103"}],"curies":[{"name":"wp","href":"https:\/\/api.w.org\/{rel}","templated":true}]}}